 prime factors of 2274494841.
3, 53, 1669, 2857
What are the prime factors of 100229379?
3, 41, 814873
What are the prime factors of 1296436266?
2, 3, 37, 216289
List the prime factors of 2106197090.
2, 5, 223, 587, 1609
What are the prime factors of 63313784?
2, 293, 27011
List the prime factors of 37685877.
3, 29, 71, 6101
What are the prime factors of 170749422?
2, 3, 59, 160781
What are the prime factors of 333709621?
7, 47672803
List the prime factors of 364951106.
2, 13, 107, 10091
What are the prime factors of 38988104?
2, 67, 72739
List the prime factors of 64452183.
3, 21484061
List the prime factors of 627657725.
5, 41, 612349
What are the prime factors of 1829530308?
2, 3, 23, 29, 228577
List the prime factors of 2050562086.
2, 1031, 994453
List the prime factors of 1362602187.
3, 4079, 37117
List the prime factors of 13806190.
2, 5, 1380619
What are the prime factors of 357605000?
2, 5, 37, 1933
What are the prime factors of 18529021?
7, 2647003
What are the prime factors of 31672477?
2137, 14821
List the prime factors of 1545266118.
2, 3, 11, 2689, 8707
What are the prime factors of 558453799?
193, 2893543
List the prime factors of 7742698349.
16651, 464999
List the prime factors of 58257440.
2, 5, 47, 61, 127
What are the prime factors of 66606614?
2, 47, 167, 4243
What are the prime factors of 3499894821?
3, 34129, 34183
What are the prime factors of 1431074461?
1431074461
List the prime factors of 130281839.
1847, 70537
What are the prime factors of 249235327?
11, 191, 313, 379
List the prime factors of 87517520.
2, 5, 1093969
List the prime factors of 153578678.
2, 11, 6980849
What are the prime factors of 1077298997?
1103, 976699
What are the prime factors of 58869691?
17, 379, 9137
List the prime factors of 23629010.
2, 5, 2362901
List the prime factors of 8852716.
2, 17, 211, 617
What are the prime factors of 112306310?
2, 5, 11230631
What are the prime factors of 263210410?
2, 5, 857, 30713
List the prime factors of 13380943.
13380943
What are the prime factors of 40074214?
2, 20037107
List the prime factors of 4524898675.
5, 11, 23, 673, 1063
List the prime factors of 53968603.
13, 23, 180497
List the prime factors of 2243321711.
2243321711
List the prime factors of 707776261.
4817, 146933
What are the prime factors of 315956142?
2, 3, 17553119
What are the prime factors of 747391349?
17, 163, 269719
List the prime factors of 2051830701.
3, 271, 841259
What are the prime factors of 1102956531?
3, 367652177
What are the prime factors of 19928479?
43, 463453
List the prime factors of 144928309.
144928309
List the prime factors of 145622909.
2297, 63397
What are the prime factors of 872118860?
2, 5, 37, 401, 2939
List the prime factors of 55977145.
5, 7, 1599347
List the prime factors of 1082338562.
2, 541169281
What are the prime factors of 48222905?
5, 461, 20921
What are the prime factors of 97209620?
2, 5, 4860481
What are the prime factors of 879945372?
2, 3, 24442927
What are the prime factors of 502822993?
113, 179, 24859
List the prime factors of 1727745664.
2, 13498013
List the prime factors of 248985330.
2, 3, 5, 11, 113, 607
What are the prime factors of 39688240?
2, 5, 29, 17107
List the prime factors of 1893250235.
5, 41, 9235367
List the prime factors of 343389852.
2, 3, 13, 31, 23669
What are the prime factors of 220332430?
2, 5, 29, 43, 17669
List the prime factors of 224429988.
2, 3, 17, 1100147
List the prime factors of 100566923.
1997, 50359
List the prime factors of 5793632859.
3, 7, 275887279
List the prime factors of 148479535.
5, 857, 34651
What are the prime factors of 3991233?
3, 1330411
What are the prime factors of 88541756?
2, 29, 251, 3041
List the prime factors of 40699025.
5, 229, 7109
What are the prime factors of 2240553084?
2, 3, 7, 11, 59, 73, 563
List the prime factors of 364304936.
2, 19, 2396743
What are the prime factors of 1547730432?
2, 3, 335879
What are the prime factors of 102278527?
13, 1741, 4519
What are the prime factors of 19259212?
2, 7, 687829
List the prime factors of 5170140794.
2, 7, 13, 28407367
List the prime factors of 80388787.
1061, 75767
List the prime factors of 1004832444.
2, 3, 7, 11, 73, 14897
List the prime factors of 4375580468.
2, 7, 156270731
List the prime factors of 176482079.
2903, 60793
List the prime factors of 1558033408.
2, 17, 89501
List the prime factors of 36271560.
2, 3, 5, 13, 23251
List the prime factors of 433758230.
2, 5, 17, 397, 6427
What are the prime factors of 66812946?
2, 3, 173, 191, 337
List the prime factors of 120377989.
120377989
What are the prime factors of 89688171?
3, 2099, 14243
What are the prime factors of 593656643?
17, 59, 591881
List the prime factors of 361401596.
2, 29, 31, 100501
List the prime factors of 560724729.
3, 277, 674759
List the prime factors of 73189046.
2, 7, 17, 197, 223
What are the prime factors of 425286905?
5, 23, 160789
What are the prime factors of 763350471?
3, 13, 1571, 4153
List the prime factors of 4498118126.
2, 2249059063
What are the prime factors of 5159653216?
2, 307, 525209
What are the prime factors of 1220160778?
2, 610080389
List the prime factors of 32897324.
2, 31, 359, 739
What are the prime factors of 254365908?
2, 3, 21197159
List the prime factors of 251870431.
251870431
List the prime factors of 383249642.
2, 191624821
List the prime factors of 8333120.
2, 5, 26041
What are the prime factors of 3516100505?
5, 23, 29, 1054303
What are the prime factors of 535187096?
2, 66898387
What are the prime factors of 161369679?
3, 19, 23, 83, 1483
List the prime factors of 1200868588.
2, 101, 2972447
What are the prime factors of 40190561?
197, 204013
List the prime factors of 692785598.
2, 17, 113, 10607
What are the prime factors of 112626625?
5, 901013
What are the prime factors of 21512015?
5, 7, 23, 26723
List the prime factors of 686319703.
686319703
What are the prime factors of 1826731451?
31, 97, 607493
What are the prime factors of 2045123976?
2, 3, 7, 19, 91529
What are the prime factors of 218384959?
13, 67, 157, 1597
What are the prime factors of 17364768?
2, 3, 180883
List the prime factors of 180176613.
3, 60058871
List the prime factors of 4131787091.
23, 53, 3389489
List the prime factors of 140242310.
2, 5, 13, 1078787
List the prime factors of 54402846.
2, 3, 9067141
List the prime factors of 478674541.
7549, 63409
What are the prime factors of 2173362944?
2, 53, 160183
What are the prime factors of 69533333?
83, 827, 1013
What are the prime factors of 2884907045?
5, 3209, 179801
What are the prime factors of 2761767189?
3, 683, 449287
What are the prime factors of 2038092701?
71, 2753, 10427
List the prime factors of 30346508.
2, 89, 85243
What are the prime factors of 3694757236?
2, 59, 15655751
List the prime factors of 48526958.
2, 24263479
List the prime factors of 470404420.
2, 5, 23520221
List the prime factors of 24967910.
2, 5, 11, 61
List the prime factors of 3343294105.
5, 20399, 32779
List the prime factors of 179851366.
2, 53, 1696711
List the prime factors of 81125375.
5, 103, 6301
What are the prime factors of 58233352?
2, 43, 169283
What are the prime factors of 451029186?
2, 3, 37, 73, 9277
List the prime factors of 135348202.
2, 11, 6152191
What are the prime factors of 15955676?
2, 11, 362629
List the prime factors of 3985734107.
41, 97213027
What are the prime factors of 224687546?
2, 112343773
List the prime factors of 431793177.
3, 421, 341879
What are the prime factors of 52993643?
29, 1827367
List the prime factors of 208939602.
2, 3, 34823267
What are the prime factors of 2105130452?
2, 526282613
List the prime factors of 90315031.
419, 439, 491
What are the prime factors of 34740128?
2, 419, 2591
List the prime factors of 1105105273.
71, 15564863
What are the prime factors of 1168046593?
7, 4903, 34033
What are the prime factors of 4596639489?
3, 13, 397, 32987
List the prime factors of 1015679287.
7, 23, 131, 48157
What are the prime factors of 1087110635?
5, 13, 31, 539509
List the prime factors of 96179689.
29, 3316541
What are the prime factors of 162617938?
2, 7, 229, 50723
What are the prime factors of 866703998?
2, 13177, 32887
List the prime factors of 44678365.
5, 1013, 8821
List the prime factors of 792681508.
2, 17, 47, 197, 1259
W